**3/3 - 46*z**2. Give d(6).
-4
Let x = -2019 - -2014. Let d(y) = 4*y + 18. Calculate d(x).
-2
Let f(z) be the first derivative of -7/2*z**2 + 1/3*z**3 + 12 + 9*z. What is f(6)?
3
Let o(x) = -x**3 + 2*x**2 - 2*x + 2. Let y be 0 + 67 + -2 + -1. Suppose -y = -2*r - 2*r. Let m = -14 + r. Determine o(m).
-2
Let k(i) = -2*i - 36 + i + 33. Suppose 2 = 5*g + u, 5*g + 2*u = -3 + 2. Let p be (-1 - 4) + 0/g. What is k(p)?
2
Let z be 2 + 13 + (-9)/3. Suppose -4*q + z = -q. Let o(i) be the second derivative of -i**4/12 + 2*i**3/3 - 3*i**2/2 - i. Give o(q).
-3
Let s(q) = -2*q**3 - 2*q**2 - q + 1. Let z be s(-1). Let c be -4*((-51)/z)/(-3). Let j = c - -32. Let i(m) = -m**2 - 3*m - 2. Determine i(j).
0
Let i = 16 + -2. Let f be i/10*(-1 + 6). Let t(o) = -o**2 + 6*o + 5*o - f - 5*o + 3*o. Give t(6).
11
Let s(c) be the third derivative of 0*c - 1/20*c**5 + 1/24*c**4 + 1/6*c**3 + 0 - 2*c**2. Let z be ((-1)/(-3))/(2/(-6)). What is s(z)?
-3
Let v be (2 + (-11)/1)*-1. Let j(l) = 5*l**3 + 8*l**2 + 3*l + 6. Let x(n) = 13*n**3 + 24*n**2 + 11*n + 17. Let o(y) = -8*j(y) + 3*x(y). What is o(v)?
3
Let g(h) be the third derivative of -h**4/6 + h**3/6 + 20*h**2. Determine g(-2).
9
Let j(d) = -d**2 - 7*d - 2. Suppose -3*g - 2*x - 17 = 0, x - 14 = -6*g + 9*g. Give j(g).
8
Suppose 9*u = 18*u - 18. Let q(t) = 5*t + 8 + 2 - 2 + t**u - 6. Let b(z) = -z**2 + 4*z + 1. Let x be b(5). Calculate q(x).
-2
Let l(b) = -b**2 + b. Let r = 56 - 39. Let z be (-5)/(-35) + 113/(-7). Let i = r + z. Determine l(i).
0
Let d be (-4)/(-10) - 6/(-10). Suppose -13 = -g + d. Let f(k) = 1 + k**3 + 1 + 3*k**2 + 6*k**2 - g*k**2 + 4*k. Give f(4).
2
Let c be -4*(-12)/(-72) - 75/9. Let q(g) = g**3 + 11*g**2 + 15*g - 25. Give q(c).
2
Let r(z) be the first derivative of 2*z**2 - 10*z - 237. Let y(v) = -v**2 + 7*v - 3. Let u be y(5). Give r(u).
18
Let j(k) = k - 3. Suppose 6*t = 18*t - 96. What is j(t)?
5
Let y(c) = c**3 - 6*c**2 + 2*c + 1. Suppose 34*a = 29*a + 20. Calculate y(a).
-23
Let k(d) = 2*d**2 + 24*d - 14. Let g be k(-13). Let c(h) = 19 - 3 - g - 9 + 4*h. What is c(4)?
11
Suppose 31*j = 30*j + 3. Let l(y) = j*y**2 - 5*y**2 + y**3 - 3*y**3 + 1 + 3*y**3. Let v = -8 + 10. Determine l(v).
1
Let j = 5 - 8. Let b(u) = 5*u**2 - 4*u + 2. Let g(v) = -4*v**2 + 4*v - 1. Let m = -8 - -3. Let c(z) = m*b(z) - 6*g(z). Determine c(j).
-1
Let l(k) = -7*k - 1071*k**2 + 0*k + 1072*k**2 + 3. Calculate l(7).
3
Let a(u) = 2163*u**2 - 2 - u + 4*u - 2161*u**2 - 5*u**3. What is a(2)?
-28
Suppose -5*w + 0*s - 2*s - 2 = 0, 3*w + 10 = s. Let j(k) be the first derivative of k**3/3 + k**2 - k + 7. Give j(w).
-1
Let q(i) = -i**3 - 3*i**2 + i - 1. Let x(a) = -33 + 26 + 2*a - 3*a. Let j be x(-5). Determine q(j).
-7
Suppose -z + 5 + 0 = 0. Let v(x) = 27 - 15 + 4*x - 20 - z*x. Calculate v(0).
-8
Let p(h) = 5*h - 10. Let f(l) = -6*l + 12. Let b(s) = -4*f(s) - 5*p(s). Let r be 6*1/(6/(-8)). Let d = -12 - r. Determine b(d).
6
Suppose -102 + 22 = -5*x. Let q = 36 - 20. Let f = x - q. Let z(o) = -o + 5. What is z(f)?
5
Let g be ((2 - 2)/(-1))/2. Let o be (3 + g)*(-1 - -2). Suppose -10 = -o*n - 4. Let b(h) = -2*h**3 + h + 2. Determine b(n).
-12
Let d(x) = 3*x**3 - 5 - 2*x**3 + 4*x + 7 - 2*x**2 - x. Give d(3).
20
Let l(b) = 2*b - 2. Let q(j) = j. Let a(g) = l(g) - 4*q(g). Let u be ((-54)/45)/(2/5). Give a(u).
4
Let m(d) be the first derivative of -1 - 1/2*d**2 - 7/4*d**4 + 0*d + 0*d**3. Let a(u) = -u**3 - 2*u**2 + 6*u + 11. Let l be a(-2). Calculate m(l).
8
Let b(k) = -k**3 + 3*k**2 - k + 1. Let v be b(2). Let q(w) = -w**2 + 6*w. What is q(v)?
9
Let o(m) be the second derivative of m**4/12 - 3*m**3/2 - 4*m**2 - 9*m + 2. Determine o(10).
2
Let n = -36 + 42. Let j(p) = -3 + n*p - 4 - 9*p. Calculate j(-5).
8
Let c(w) be the third derivative of w**4/2 + w**3/6 - 21*w**2. Suppose -5*n + 0*n - 4*b + 21 = 0, -9 = 3*n - 3*b. Calculate c(n).
13
Suppose -4*c - 20 = 0, -3*n - 2*c = 2*n + 50. Let z = -5 - n. Let h(d) = 3*d**2 - 2*d**2 + 1 + 0*d**3 - 4*d - 3*d**2 + d**3. What is h(z)?
-2
Let v be 15/5 - 2*1. Let g be (3 - v) + -2*1. Suppose -6*p + 4*j = -2*p + 28, g = -4*j + 20. Let q(t) = 2*t**3 + 2*t**2 - t + 1. Calculate q(p).
-5
Let c(h) be the first derivative of 1/2*h**2 - 2*h + 36 + 1/4*h**4 + h**3. Calculate c(-2).
0
Let y(s) = 11*s - 6. Let a be y(3). Let u = a + -31. Let j(w) = -w + 4. Determine j(u).
8
Let l = 0 - -2. Let v(u) = -10*u + 31. Let n(x) = 10*x - 36. Let r(d) = -6*n(d) - 7*v(d). What is r(l)?
19
Let w(d) be the second derivative of -d**2 + 7/12*d**4 + 27*d + 1/20*d**5 + 5/6*d**3 + 0. What is w(-4)?
26
Let v(q) = 4*q**3 + q**2 + q. Suppose -8*o + 16 = -4*o. Suppose -7 = -2*y + 7. Suppose 0 = -i - t + 1, t = -i + o*t - y. Determine v(i).
-4
Let v = -5 - -7. Suppose -5*a + 28 = -10*a + 3*n, -15 = v*a - 5*n. Let k(z) = -z - 6. Give k(a).
-1
Let v be (119 + -120)/(2/8). Let j(x) = x**3 + 3*x**2 + x + 2. Give j(v).
-18
Let h(x) be the first derivative of x**6/360 + 13*x**4/24 + 9*x**3 + 14. Let p(o) be the third derivative of h(o). Calculate p(0).
13
Let z(j) = j**2 - 19618*j + 9 + 7 + 19626*j. Determine z(-7).
9
Let w = 48 + -43. Let t(c) = c**2 - 4 + 7*c + 0*c - w + 3. Calculate t(-6).
-12
Let a(l) = -2*l**3 + 9*l**2 + 2*l. Let f(y) = -y**3 + 8*y**2 + y - 1. Let h(g) = 2*a(g) - 3*f(g). Determine h(-6).
-3
Suppose 0 = -0*k + 3*k + m - 184, -m + 62 = k. Let l = k + -69. Let t(x) = x + 10. Calculate t(l).
2
Let y(d) = d**2 - 5*d - 6. Let i(j) = 4*j**2 - 18*j - 21. Let c(f) = 6*i(f) - 23*y(f). Calculate c(-5).
2
Let f be (0 + 2)/(63/(-126)). Let p(j) = 4*j + 4. Give p(f).
-12
Let v(g) be the first derivative of -1/4*g**4 - 6*g - 1/2*g**2 + 14 - 2*g**3. Give v(-6).
0
Let u(o) = 2*o + 10. Let y(b) = -4*b - 26. Let t(i) = -5*u(i) - 2*y(i). Let j(a) = -3*a + 6. Let s be j(4). Give t(s).
14
Let u(i) = 4*i + 1. Let l = -4 - -2. Let t be 200/70*(-7)/l. Let x = t - 9. Determine u(x).
5
Let g(q) = 6*q**2 + 36*q - 1. Suppose -1547*a + 1539*a = 48. Calculate g(a).
-1
Let t(x) = -x**3 + 7*x**2 - 8*x + 7. Let v be 16/(4 + 0) - -3. Let o = v - 1. Suppose o*a - 6 = 5*a. Give t(a).
-5
Let a be 2*8/(-12)*(-6)/4. Let d(m) = 3*m**3 - 2*m**3 + m - 6*m**a + 3*m - 5*m + 6. Calculate d(6).
0
Suppose 0 = -3*l + 5*j + 52, 2*l + 4*j - 12 = 30. Let f be 69/(-9)*-1*3. Let d = f - l. Let p(u) = u**3 - 3*u**2 - 3*u - 4. Determine p(d).
0
Let f(y) = y**3 - 4*y**2 - 5*y + 3. Let d(b) = 10*b + 246. Let s be d(-24). Give f(s).
45
Let w(z) = 4*z - 2*z**2 + z**2 + 0*z**2 + 5. Let r = 21 + -19. Let s be (-268)/(-52) + r/(-13). What is w(s)?
0
Let l(c) be the third derivative of -c**6/120 + c**5/15 + c**4/6 + 2*c**3/3 - 107*c**2 + 2. Give l(6).
-44
Suppose 3*i - 4*s = -2*i + 21, -i = -2*s - 9. Let x(t) = 48*t + 1. Calculate x(i).
49
Let f(b) be the second derivative of 1/3*b**3 - 2*b**2 + 0 - 6*b. Give f(4).
4
Let n(j) be the first derivative of -j**2/2 - 4. Let h(r) = 4*r + 1. Let l(i) = h(i) + 3*n(i). What is l(6)?
7
Let o(w) = 6*w - 7. Let h(a) = 5*a - 8. Let p(d) = -5*h(d) + 4*o(d). Let b = 1018 - 1013. Give p(b).
7
Let l be (2 - (-3)/(-1)) + 3. Suppose -4*q = -3*f - l, 0 = -3*f + 2*q - 6*q + 14. Let v(m) = 2 - 7*m**2 - m - f. What is v(-1)?
-6
Let p(y) be the second derivative of -y**4/12 + y**3/3 + 7*y**2 + 211*y - 1. Calculate p(0).
14
Let i(n) = -n**2 + 5*n + 1. Let x = -17 - -5. Let u = -38 - -56. Let v = x + u. Calculate i(v).
-5
Let a(y) = -8*y - 1. Let k be (-4)/1*(-13 + 9). Suppose 4*i = 5*n + 6, k = n + 3*i + 2. Suppose 7*o = 2*o + 2*r - 5, 4*r = n*o + 2. Give a(o).
7
Suppose 10 = -c - 5*g, 2*c - 3*g - 83 = -103. Let q(p) = p**3 + 10*p**2 + 2*p + 9. Give q(c).
-11
Let z(a) = 2*a + 4. Suppose 2*u = 25 - 19. Determine z(u).
10
Let q(c) = 0 + 9 + 13 - 95*c + 0 + 98*c. Give q(-10).
-8
Let i(q) = q**3 + 6*q**2 - 3*q - 9. Let k(v) = -3*v**3 + v**2 - v. Let o be k(-2). Suppose -4*p = -9*p - o. Calculate i(p).
9
Let u(p) = -1 - 2*p**3 + p**3 - 2*p - 1. Suppose -2*t - a - 30 + 20 = 0, 5*t + 3*a + 28 = 0. Give u(t).
10
Let v(y) = -y**2 + 23*y - 2. Let k be v(23). Let a = -3 + 3. Let p(f) = 3*f + a - 3*f - 1 + f**2. What is p(k)?
3
Let m(j) = 3*j + 2. Let t be m(1). Let n(u) = 2*u**2 - 6*u**2 + t + 2*u**2 + 4*u + u**2. Let h = -10 - -15. What is n(h)?
0
Let o(m) = m**3 + m**2 - 1. Suppose r = -5*r + 12. Suppose 0 = 6*y - 2*y - 3*p + 17, r*y - 2*p = -10. What is o(y)?
